{"id":3463,"date":"2024-09-01T04:16:20","date_gmt":"2024-09-01T04:16:20","guid":{"rendered":"https:\/\/ccsanalejo.com\/?page_id=3463"},"modified":"2024-12-07T18:01:36","modified_gmt":"2024-12-07T18:01:36","slug":"fede-puntos","status":"publish","type":"page","link":"https:\/\/ccsanalejo.com\/?page_id=3463","title":{"rendered":""},"content":{"rendered":"\t\t<div data-elementor-type=\"wp-page\" data-elementor-id=\"3463\" class=\"elementor elementor-3463\">\n\t\t\t\t\t\t<section class=\"elementor-section elementor-top-section elementor-element elementor-element-d3679cc elementor-section-boxed elementor-section-height-default elementor-section-height-default\" data-id=\"d3679cc\" data-element_type=\"section\" data-e-type=\"section\">\n\t\t\t\t\t\t<div class=\"elementor-container elementor-column-gap-default\">\n\t\t\t\t\t<div class=\"elementor-column elementor-col-100 elementor-top-column elementor-element elementor-element-0d6c5b3\" data-id=\"0d6c5b3\" data-element_type=\"column\" data-e-type=\"column\">\n\t\t\t<div class=\"elementor-widget-wrap elementor-element-populated\">\n\t\t\t\t\t\t<div class=\"elementor-element elementor-element-2dc4590 elementor-widget elementor-widget-image\" data-id=\"2dc4590\" data-element_type=\"widget\" data-e-type=\"widget\" data-widget_type=\"image.default\">\n\t\t\t\t<div class=\"elementor-widget-container\">\n\t\t\t\t\t\t\t\t\t\t\t\t\t\t\t<img decoding=\"async\" width=\"301\" height=\"59\" src=\"https:\/\/ccsanalejo.com\/wp-content\/uploads\/2024\/09\/9y0hxdT441A45jrl7NhU.png\" class=\"attachment-large size-large wp-image-3475\" alt=\"\" srcset=\"https:\/\/ccsanalejo.com\/wp-content\/uploads\/2024\/09\/9y0hxdT441A45jrl7NhU.png 301w, https:\/\/ccsanalejo.com\/wp-content\/uploads\/2024\/09\/9y0hxdT441A45jrl7NhU-230x45.png 230w\" sizes=\"(max-width: 301px) 100vw, 301px\" \/>\t\t\t\t\t\t\t\t\t\t\t\t\t\t\t<\/div>\n\t\t\t\t<\/div>\n\t\t\t\t\t<\/div>\n\t\t<\/div>\n\t\t\t\t\t<\/div>\n\t\t<\/section>\n\t\t\t\t<section class=\"elementor-section elementor-top-section elementor-element elementor-element-aa5bbdb elementor-section-boxed elementor-section-height-default elementor-section-height-default\" data-id=\"aa5bbdb\" data-element_type=\"section\" data-e-type=\"section\">\n\t\t\t\t\t\t<div class=\"elementor-container elementor-column-gap-default\">\n\t\t\t\t\t<div class=\"elementor-column elementor-col-100 elementor-top-column elementor-element elementor-element-35db60f\" data-id=\"35db60f\" data-element_type=\"column\" data-e-type=\"column\">\n\t\t\t<div class=\"elementor-widget-wrap elementor-element-populated\">\n\t\t\t\t\t\t<div class=\"elementor-element elementor-element-61d63e9 elementor-widget elementor-widget-spacer\" data-id=\"61d63e9\" data-element_type=\"widget\" data-e-type=\"widget\" data-widget_type=\"spacer.default\">\n\t\t\t\t<div class=\"elementor-widget-container\">\n\t\t\t\t\t\t\t<div class=\"elementor-spacer\">\n\t\t\t<div class=\"elementor-spacer-inner\"><\/div>\n\t\t<\/div>\n\t\t\t\t\t\t<\/div>\n\t\t\t\t<\/div>\n\t\t\t\t\t<\/div>\n\t\t<\/div>\n\t\t\t\t\t<\/div>\n\t\t<\/section>\n\t\t\t\t<section class=\"elementor-section elementor-top-section elementor-element elementor-element-5f14cb7 elementor-section-boxed elementor-section-height-default elementor-section-height-default\" data-id=\"5f14cb7\" data-element_type=\"section\" data-e-type=\"section\">\n\t\t\t\t\t\t<div class=\"elementor-container elementor-column-gap-default\">\n\t\t\t\t\t<div class=\"elementor-column elementor-col-100 elementor-top-column elementor-element elementor-element-3297ec9\" data-id=\"3297ec9\" data-element_type=\"column\" data-e-type=\"column\">\n\t\t\t<div class=\"elementor-widget-wrap elementor-element-populated\">\n\t\t\t\t\t\t<div class=\"elementor-element elementor-element-1049e1f elementor-widget elementor-widget-heading\" data-id=\"1049e1f\" data-element_type=\"widget\" data-e-type=\"widget\" data-widget_type=\"heading.default\">\n\t\t\t\t<div class=\"elementor-widget-container\">\n\t\t\t\t\t<h1 class=\"elementor-heading-title elementor-size-large\">REGLAMENTO DEL PROGRAMA DE LEALTAD<\/h1>\t\t\t\t<\/div>\n\t\t\t\t<\/div>\n\t\t\t\t\t<\/div>\n\t\t<\/div>\n\t\t\t\t\t<\/div>\n\t\t<\/section>\n\t\t\t\t<section class=\"elementor-section elementor-top-section elementor-element elementor-element-34becca elementor-section-boxed elementor-section-height-default elementor-section-height-default\" data-id=\"34becca\" data-element_type=\"section\" data-e-type=\"section\">\n\t\t\t\t\t\t<div class=\"elementor-container elementor-column-gap-default\">\n\t\t\t\t\t<div class=\"elementor-column elementor-col-100 elementor-top-column elementor-element elementor-element-aadf814\" data-id=\"aadf814\" data-element_type=\"column\" data-e-type=\"column\">\n\t\t\t<div class=\"elementor-widget-wrap elementor-element-populated\">\n\t\t\t\t\t\t<div class=\"elementor-element elementor-element-926e8f0 elementor-widget elementor-widget-text-editor\" data-id=\"926e8f0\" data-element_type=\"widget\" data-e-type=\"widget\" data-widget_type=\"text-editor.default\">\n\t\t\t\t<div class=\"elementor-widget-container\">\n\t\t\t\t\t\t\t\t\t<hr \/><p style=\"text-align: left;\"><span style=\"text-decoration: underline;\"><strong><span style=\"color: #000000; text-decoration: underline;\">I. DEFINICIONES<\/span><\/strong><\/span><br \/><span style=\"color: #000000;\">Para los efectos de este reglamento se entender\u00e1 como:<\/span><br \/><strong><span style=\"color: #000000;\">a) <\/span><\/strong><span style=\"color: #000000;\"><em><strong>Tarjetas<\/strong><\/em>: Tarjetas de d\u00e9bito y cr\u00e9dito emitidas por las diferentes Entidades Socias del SISTEMA FEDECR\u00c9DITO.<\/span><br \/><strong><span style=\"color: #000000;\">b) <\/span><\/strong><span style=\"color: #000000;\"><strong>Tarjetahabientes<\/strong>: Todas las personas naturales o jur\u00eddicas que hayan celebrado los respectivos contratos de tarjeta de d\u00e9bito y\/o cr\u00e9dito, con las diferentes Entidades Socias del SISTEMA FEDECR\u00c9DITO.<\/span><br \/><strong><span style=\"color: #000000;\">c) <\/span><\/strong><span style=\"color: #000000;\"><strong>Entidades Socias del SISTEMA FEDECR\u00c9DITO<\/strong>: Cajas de Cr\u00e9dito y Bancos de los Trabajadores qui\u00e9nes comercializan las tarjetas de d\u00e9bito y cr\u00e9dito.<\/span><br \/><strong><span style=\"color: #000000;\">d) <\/span><\/strong><span style=\"color: #000000;\"><strong>SISTEMA FEDECR\u00c9DITO<\/strong>: Conformado por FEDECR\u00c9DITO, 47 Cajas de Cr\u00e9dito y 7 Bancos de los Trabajadores, SEGUROS FEDECR\u00c9DITO, FEDECR\u00c9DITO Vida, Seguros de Personas y FEDESERVI.<\/span><br \/><strong><span style=\"color: #000000;\">e) <\/span><\/strong><span style=\"color: #000000;\"><strong>FEDECR\u00c9DITO<\/strong>: Administrador de las Tarjetas de D\u00e9bito y Cr\u00e9dito del SISTEMA FEDECR\u00c9DITO conforme a la facultad establecida en el literal b) e i) del Art\u00edculo 151 de la Ley de Bancos Cooperativos y Sociedades de Ahorro y Cr\u00e9dito.<\/span><br \/><strong><span style=\"color: #000000;\">f)<\/span><\/strong> <span style=\"color: #000000;\"><strong>Comercios Afiliados<\/strong>: Aquellos negocios con los que FEDECR\u00c9DITO ha establecido convenio para que puedan realizar promociones de forma directa con los tarjetahabientes.<\/span><br \/><strong><span style=\"color: #000000;\">g<\/span><\/strong><span style=\"color: #000000;\">) <\/span><span style=\"color: #000000;\"><strong>FEDEPUNTOS<\/strong>: Puntos otorgados a los clientes como recompensa por las compras realizadas con sus tarjetas del SISTEMA FEDECR\u00c9DITO, as\u00ed como por el cumplimiento de los t\u00e9rminos y condiciones de las promociones de asignaci\u00f3n de puntos en las que participen.<\/span><br \/><strong><span style=\"color: #000000;\">h) <\/span><\/strong><span style=\"color: #000000;\"><strong>Redenci\u00f3n o canje de FEDEPUNTOS<\/strong>: Operaci\u00f3n realizada a solicitud de los tarjetahabientes, que implica la reducci\u00f3n del saldo de FEDEPUNTOS acumulados a cambio de beneficios como efectivo, LifeMiles, bienes o art\u00edculos promocionales en caso aplique.<\/span><br \/><strong><span style=\"color: #000000;\">i) <\/span><\/strong><span style=\"color: #000000;\"><strong>Certificado de Canje<\/strong>: Comprobante emitido al tarjetahabiente en ventanilla de las Entidades Socias del SISTEMA FEDECR\u00c9DITO o electr\u00f3nicamente a trav\u00e9s de los<\/span><br \/><span style=\"color: #000000;\">sistemas de Canales Electr\u00f3nicos, como resultado del canje de<\/span><br \/><span style=\"color: #000000;\">FEDEPUNTOS para la obtenci\u00f3n de los premios disponibles en las Entidades Socias.<\/span><br \/><strong><span style=\"color: #000000;\">j) <\/span><\/strong><span style=\"color: #000000;\"><strong>Transferencia de FEDEPUNTOS<\/strong>: Operaci\u00f3n de transferencia de FEDEPUNTOS acumulados en una tarjeta de cr\u00e9dito o d\u00e9bito de forma total o parcial a otra tarjeta.<\/span><br \/><strong><span style=\"color: #000000;\">k)<\/span><\/strong> <span style=\"color: #000000;\"><strong>Operaciones Interentidad<\/strong>: Se refiere a las operaciones o transacciones que realiza un tarjetahabiente en las agencias de una Entidad Socia distinta a aquella que emiti\u00f3 su tarjeta.<\/span><br \/><strong><span style=\"color: #000000;\">l)<\/span><\/strong> <span style=\"color: #000000;\"><strong>LifeMiles<\/strong>: Es un programa de lealtad de la aerol\u00ednea AVIANCA en el cual pueden canjearse los FEDEPUNTOS acumulados por Millas LifeMiles en la cuenta de viajero frecuente que indique el tarjetahabiente, condiciones en https:\/\/www.lifemiles.com\/<\/span><br \/><strong><span style=\"color: #000000;\">m) <\/span><\/strong><span style=\"color: #000000;\"><strong>Quasi Cash<\/strong>: Son transacciones que representan la compra de divisas o art\u00edculos que pueden convertirse en efectivo, tales como, fichas de casino, criptomonedas, tokens, giros postales, boletos de loter\u00edas y cheques de viajero entre otros.<\/span><br \/><strong><span style=\"color: #000000;\">n)<\/span><\/strong> <span style=\"color: #000000;\"><strong>Canales electr\u00f3nicos<\/strong>: Son canales electr\u00f3nicos en los cuales el cliente puede realizar operaciones bancarias; estos son FEDE BANKING, FEDE MOVIL, FEDERED365, Kioskos Financiero y el asistente virtual Fede.<\/span><br \/><strong><span style=\"color: #000000;\">o) <\/span><\/strong><span style=\"color: #000000;\"><strong>Inactividad<\/strong>: Periodo en el cual los tarjetahabientes no realizan transacciones de compra.<\/span><br \/><strong><span style=\"color: #000000;\">p) <\/span><\/strong><span style=\"color: #000000;\"><strong>Visa<\/strong>: Red de pagos en la que FEDECREDITO de C.V. es Miembro Principal, la cual permite realizar transacciones de compra<\/span><\/p><p style=\"text-align: left;\"><span style=\"text-decoration: underline;\"><strong><span style=\"color: #000000; text-decoration: underline;\">II. DISPOSICIONES GENERALES DEL PROGRAMA DE LEALTAD<\/span><\/strong><\/span><\/p><p style=\"text-align: left;\"><span style=\"text-decoration: underline;\"><strong><span style=\"color: #000000; text-decoration: underline;\">Valor del FEDEPUNTO<\/span><\/strong><\/span><br \/><strong><span style=\"color: #000000;\">a)<\/span><\/strong><span style=\"color: #000000;\">Cada FEDEPUNTO tendr\u00e1 un valor monetario y contable equivalente a $0.005 d\u00f3lares por FEDEPUNTO. Este valor ser\u00e1 utilizado como referencia en los canjes.<\/span><\/p><p style=\"text-align: left;\"><span style=\"text-decoration: underline;\"><strong><span style=\"color: #000000; text-decoration: underline;\">Acumulaci\u00f3n de FEDEPUNTOS<\/span><\/strong><\/span><\/p><p style=\"text-align: left;\"><span style=\"color: #000000;\">Los FEDEPUNTOS del Programa de Lealtad de las tarjetas de d\u00e9bito y cr\u00e9dito comercializadas por las Entidades Socias se acumular\u00e1n de la siguiente manera:<\/span><br \/><strong><span style=\"color: #000000;\">a)<\/span><\/strong><span style=\"color: #000000;\">Los clientes acumular\u00e1n FEDEPUNTOS por las compras realizadas en los comercios afiliados a la red Visa u otros a los que se tenga acceso.<\/span><br \/><strong><span style=\"color: #000000;\">b)<\/span><\/strong><span style=\"color: #000000;\">Las tarjetas de d\u00e9bito acumular\u00e1n 1 FEDEPUNTO por cada $2.00 en consumos por compras.<\/span><br \/><strong><span style=\"color: #000000;\">c)<\/span><\/strong><span style=\"color: #000000;\">Las tarjetas de cr\u00e9dito acumularan 1 FEDEPUNTO por cada $1.00 en consumos por compras.<\/span><br \/><strong><span style=\"color: #000000;\">d)<\/span><\/strong><span style=\"color: #000000;\">Las tarjetas de cr\u00e9dito acumularan 1 FEDEPUNTO por cada $2.00 en gasolineras y supermercados.<\/span><br \/><strong><span style=\"color: #000000;\">e)<\/span><\/strong><span style=\"color: #000000;\">Las tarjetas de d\u00e9bito y\/o cr\u00e9dito no acumular\u00e1n FEDEPUNTOS por las siguientes transacciones:<\/span><br \/><span style=\"color: #000000;\">I.<\/span><span style=\"color: #000000;\">Pagos de saldos de tarjeta, extra-financiamiento, cr\u00e9ditos, recargas de celulares y pagos a colectores realizados a trav\u00e9s de canales electr\u00f3nicos, ventanillas de Entidades Socias, Corresponsales Financieros no Bancarios (FEDE PUNTO VECINO), FEDESERVI, Agencias del SISTEMA FEDECR\u00c9DITO y oficinas centrales de FEDECR\u00c9DITO.<\/span><br \/><span style=\"color: #000000;\">II.<\/span><span style=\"color: #000000;\">Retiros de efectivo realizados en cajeros autom\u00e1ticos de FEDERED 365 y de otras instituciones financieras, as\u00ed como en ventanillas de Entidades Socias, Corresponsales Financieros no Bancarios (FEDE PUNTO VECINO), FEDESERVI, Agencias del SISTEMA FEDECR\u00c9DITO y oficinas centrales de FEDECR\u00c9DITO.<\/span><br \/><span style=\"color: #000000;\">III.<\/span><span style=\"color: #000000;\">Cobros de comisi\u00f3n por membres\u00edas, sobregiro, reposici\u00f3n de tarjetas y programas de protecci\u00f3n contra robo, hurto, fraude y extrav\u00edo.<\/span><br \/><span style=\"color: #000000;\">IV.<\/span><span style=\"color: #000000;\">Recargos por incumplimiento de pago y cargos por correcciones o reversa de operaciones.<\/span><br \/><span style=\"color: #000000;\">V.<\/span><span style=\"color: #000000;\">Transacciones de compra de Quasi-cash, pago de impuestos, servicios gubernamentales, universidades, academias, colegios, recargas de billeteras y monederos digitales.<\/span><br \/><span style=\"color: #000000;\">VI.<\/span><span style=\"color: #000000;\">Toda transacci\u00f3n que no sea una compra directa.<\/span><br \/><span style=\"color: #000000;\">VII.<\/span><span style=\"color: #000000;\">Estas exclusiones est\u00e1n sujetas a revisi\u00f3n y actualizaci\u00f3n peri\u00f3dica por parte de la Gerencia de Tarjetas<\/span><br \/><span style=\"color: #000000;\">f)<\/span><span style=\"color: #000000;\">Las cuentas de las tarjetas de cr\u00e9dito que tienen derecho a asignaci\u00f3n de FEDEPUNTOS por las compras que realicen, son las que est\u00e9n en estado \u201cvigente\u201d.<\/span><br \/><span style=\"color: #000000;\">g)<\/span><span style=\"color: #000000;\">Las compras realizadas con las tarjetas de d\u00e9bito y cr\u00e9dito adicionales generar\u00e1n FEDEPUNTOS, los cuales se acumular\u00e1n en la cuenta principal.<\/span><br \/><span style=\"color: #000000;\">h)<\/span><span style=\"color: #000000;\">La acumulaci\u00f3n anual m\u00e1xima ser\u00e1 de 200,000 FEDEPUNTOS para tarjetas de cr\u00e9dito y 120,000 para tarjetas de d\u00e9bito cl\u00e1sica y d\u00e9bito Crece Mujer.<\/span><\/p><p style=\"text-align: left;\"><span style=\"text-decoration: underline;\"><strong><span style=\"color: #000000; text-decoration: underline;\">Canje<\/span><\/strong><\/span><\/p><p style=\"text-align: left;\"><span style=\"color: #000000;\">a)<\/span><span style=\"color: #000000;\">El canje de FEDEPUNTOS podr\u00e1 realizarse de las siguientes formas:<\/span><br \/><span style=\"color: #000000;\">\u2022<\/span><span style=\"color: #000000;\">Dinero en efectivo en la Entidad Socia que emiti\u00f3 su tarjeta.<\/span><br \/><span style=\"color: #000000;\">\u2022<\/span><span style=\"color: #000000;\">Dinero en efectivo mediante una operaci\u00f3n interentidad en las que aplique.<\/span><br \/><span style=\"color: #000000;\">\u2022<\/span><span style=\"color: #000000;\">Art\u00edculos en los centros de canje disponibles en la Entidad Socia que emiti\u00f3 su tarjeta<\/span><br \/><span style=\"color: #000000;\">\u2022<\/span><span style=\"color: #000000;\">Canje por efectivo en canales electr\u00f3nicos (FEDE BANKING, FEDE MOVIL, Kioscos y FEDERED 365)<\/span><br \/><span style=\"color: #000000;\">\u2022<\/span><span style=\"color: #000000;\">Traslados a LifeMiles, seg\u00fan el reglamento de dicho programa en la Entidad Socia que emiti\u00f3 su tarjeta o mediante una operaci\u00f3n interentidad.<\/span><br \/><span style=\"color: #000000;\">b)<\/span><span style=\"color: #000000;\">Los art\u00edculos de canje est\u00e1n sujetos a disponibilidad y pueden variar seg\u00fan cada Entidad Socia.<\/span><br \/><span style=\"color: #000000;\">c)<\/span><span style=\"color: #000000;\">Los traslados a LifeMiles ser\u00e1n realizados en bloques de 1,000 FEDEPUNTOS y cada uno tendr\u00e1 un costo por traslado.<\/span><br \/><span style=\"color: #000000;\">d)<\/span><span style=\"color: #000000;\">Para realizar los canjes de FEDEPUNTOS en las Entidades Socias es necesario que el tarjetahabiente presente: tarjeta de d\u00e9bito y\/o cr\u00e9dito y un documento de identidad (DUI, Pasaporte o Carn\u00e9 de Residente si es extranjero).<\/span><br \/><span style=\"color: #000000;\">e)<\/span><span style=\"color: #000000;\">Si el canje de FEDEPUNTOS es realizado por una tercera persona, el tarjetahabiente deber\u00e1 enviar una autorizaci\u00f3n escrita en original a nombre de la tercera persona, a la cual deber\u00e1n adicionar un documento de identidad original del titular de la tarjeta y un documento de identidad de la persona que posee la tarjeta adicional.<\/span><br \/><span style=\"color: #000000;\">f)<\/span><span style=\"color: #000000;\">Cuando el cliente solicite la cancelaci\u00f3n de su tarjeta, en caso de no realizar el canje de FEDEPUNTOS, el saldo correspondiente de FEDEPUNTOS acumulados se eliminar\u00e1 autom\u00e1ticamente.<\/span><br \/><span style=\"color: #000000;\">g)<\/span><span style=\"color: #000000;\">Cuando una tarjeta de d\u00e9bito o cr\u00e9dito sea renovada o sustituida, los FEDEPUNTOS acumulados, se mantienen a favor del tarjetahabiente.<\/span><br \/><span style=\"color: #000000;\">h)<\/span><span style=\"color: #000000;\">En caso de un cambio de BIN los puntos acumulados ser\u00e1n trasladados hacia la nueva tarjeta.<\/span><br \/><span style=\"color: #000000;\">i)<\/span><span style=\"color: #000000;\">Los FEDEPUNTOS pueden trasladarse de manera permanente o por gesti\u00f3n concreta a otra tarjeta. Para llevar a cabo esta operaci\u00f3n, ser\u00e1 necesario que el titular de la tarjeta que cede los FEDEPUNTOS presente una solicitud por escrito. En dicha solicitud se deber\u00e1 incluir el nombre y n\u00famero de la tarjeta a la cual se desean trasladar los FEDEPUNTOS, y deber\u00e1 estar acompa\u00f1ada de una copia del Documento \u00danico de Identidad (DUI) del titular que realiza el traslado.<\/span><br \/><span style=\"color: #000000;\">j)<\/span><span style=\"color: #000000;\">En caso de que el cliente presente reclamos por transacciones de compra no reconocidas, los FEDEPUNTOS asignados ser\u00e1n deducidos de su cuenta. Este ajuste se reflejar\u00e1 en el estado de cuenta correspondiente.<\/span><\/p><p style=\"text-align: left;\"><span style=\"text-decoration: underline;\"><strong><span style=\"color: #000000; text-decoration: underline;\">Vigencia de los FEDEPUNTOS<\/span><\/strong><\/span><\/p><p style=\"text-align: left;\"><span style=\"color: #000000;\">a)<\/span><span style=\"color: #000000;\">La acumulaci\u00f3n, vigencia y m\u00e1ximo anual de FEDEPUNTOS iniciar\u00e1 a partir de la fecha de primera compra.<\/span><br \/><span style=\"color: #000000;\">b)<\/span><span style=\"color: #000000;\">Los FEDEPUNTOS acumulados tendr\u00e1n una vigencia de 2 a\u00f1os a partir de su asignaci\u00f3n.<\/span><br \/><span style=\"color: #000000;\">c)<\/span><span style=\"color: #000000;\">Los FEDEPUNTOS no canjeados durante su vigencia, ser\u00e1n eliminados autom\u00e1ticamente y se dejar\u00e1 constancia en el estado de cuenta del tarjetahabiente.<\/span><br \/><span style=\"color: #000000;\">d)<\/span><span style=\"color: #000000;\">En caso de fallecimiento del tarjetahabiente, los FEDEPUNTOS acumulados se cancelar\u00e1n.<\/span><\/p><p style=\"text-align: left;\"><span style=\"text-decoration: underline;\"><strong><span style=\"color: #000000; text-decoration: underline;\">Canales de informaci\u00f3n para clientes<\/span><\/strong><\/span><\/p><p style=\"text-align: left;\"><span style=\"color: #000000;\">a)<\/span><span style=\"color: #000000;\">La informaci\u00f3n de los FEDEPUNTOS acumulados de las tarjetas de d\u00e9bito y cr\u00e9dito se dar\u00e1 a conocer al tarjetahabiente por medio de consultas o gestiones que este realice en: Entidades Socias, canales electr\u00f3nicos, call center, estado de cuenta de tarjeta de cr\u00e9dito y en otros medios que se habiliten para este fin.<\/span><br \/><span style=\"color: #000000;\">b)<\/span><span style=\"color: #000000;\">Para tarjeta de cr\u00e9dito existe una secci\u00f3n de FEDEPUNTOS en el estado de cuenta donde se detalla el saldo inicial, acreditaci\u00f3n del mes, ajustes del mes, FEDEPUNTOS canjeados, d\u00e9bitos del mes, FEDEPUNTOS vencidos, nuevo saldo a fin de mes anterior y FEDEPUNTOS a vencer en el pr\u00f3ximo mes.<\/span><\/p><p style=\"text-align: left;\"><span style=\"text-decoration: underline;\"><strong><span style=\"color: #000000; text-decoration: underline;\">Penalizaciones y p\u00e9rdida de FEDEPUNTOS<\/span><\/strong><\/span><\/p><p style=\"text-align: left;\"><span style=\"color: #000000;\">a)<\/span><span style=\"color: #000000;\">Las tarjetas con inactividad mayor a un a\u00f1o perder\u00e1n autom\u00e1ticamente todos sus FEDEPUNTOS acumulados. Los puntos perdidos no podr\u00e1n ser reasignados aun cuando la tarjeta se reactive.<\/span><br \/><span style=\"color: #000000;\">b)<\/span><span style=\"color: #000000;\">Las tarjetas en mora de 1 a 30 d\u00edas no acumular\u00e1n FEDEPUNTOS. Mientras estas cuentas mantengan la condici\u00f3n de mora, los FEDEPUNTOS disponibles solo podr\u00e1n canjearse por certificados, no obstante, podr\u00e1n ser utilizados para abonar al saldo de la Tarjeta de Cr\u00e9dito.<\/span><br \/><span style=\"color: #000000;\">c)<\/span><span style=\"color: #000000;\">Las tarjetas en mora de 60 d\u00edas o m\u00e1s, no acumular\u00e1n FEDEPUNTOS y perder\u00e1n autom\u00e1ticamente todos los puntos acumulados. Los puntos perdidos no podr\u00e1n ser reasignados autom\u00e1ticamente incluso si la cuenta regresa al estado normal.<\/span><br \/><span style=\"color: #000000;\">d)<\/span><span style=\"color: #000000;\">Las tarjetas de cr\u00e9dito que hayan estado en mora, pero que ya no presenten esa condici\u00f3n, podr\u00e1n reiniciar autom\u00e1ticamente la acumulaci\u00f3n de FEDEPUNTOS por compras realizadas.<\/span><br \/><span style=\"color: #000000;\">Otras Consideraciones<\/span><br \/><span style=\"color: #000000;\">a)<\/span><span style=\"color: #000000;\">SISTEMA FEDECR\u00c9DITO se reserva el derecho de modificar sin previo aviso el n\u00famero de FEDEPUNTOS que se acumulan por compras, as\u00ed como de modificar el valor y la vigencia de estos. No obstante, pueden aplicarse disposiciones especiales para cada tipo de producto.<\/span><\/p><hr \/><p>\u00a0<\/p>\t\t\t\t\t\t\t\t<\/div>\n\t\t\t\t<\/div>\n\t\t\t\t\t<\/div>\n\t\t<\/div>\n\t\t\t\t\t<\/div>\n\t\t<\/section>\n\t\t\t\t<\/div>\n\t\t","protected":false},"excerpt":{"rendered":"<p>REGLAMENTO DEL PROGRAMA DE LEALTAD I. DEFINICIONESPara los efectos de este reglamento se entender\u00e1 como:a) Tarjetas: Tarjetas de d\u00e9bito y cr\u00e9dito emitidas por las diferentes Entidades [&hellip;]<\/p>\n","protected":false},"author":2,"featured_media":3475,"parent":3059,"menu_order":0,"comment_status":"closed","ping_status":"closed","template":"page-templates\/page_fullwidth.php","meta":{"footnotes":""},"class_list":["post-3463","page","type-page","status-publish","has-post-thumbnail","hentry"],"_links":{"self":[{"href":"https:\/\/ccsanalejo.com\/index.php?rest_route=\/wp\/v2\/pages\/3463","targetHints":{"allow":["GET"]}}],"collection":[{"href":"https:\/\/ccsanalejo.com\/index.php?rest_route=\/wp\/v2\/pages"}],"about":[{"href":"https:\/\/ccsanalejo.com\/index.php?rest_route=\/wp\/v2\/types\/page"}],"author":[{"embeddable":true,"href":"https:\/\/ccsanalejo.com\/index.php?rest_route=\/wp\/v2\/users\/2"}],"replies":[{"embeddable":true,"href":"https:\/\/ccsanalejo.com\/index.php?rest_route=%2Fwp%2Fv2%2Fcomments&post=3463"}],"version-history":[{"count":29,"href":"https:\/\/ccsanalejo.com\/index.php?rest_route=\/wp\/v2\/pages\/3463\/revisions"}],"predecessor-version":[{"id":3687,"href":"https:\/\/ccsanalejo.com\/index.php?rest_route=\/wp\/v2\/pages\/3463\/revisions\/3687"}],"up":[{"embeddable":true,"href":"https:\/\/ccsanalejo.com\/index.php?rest_route=\/wp\/v2\/pages\/3059"}],"wp:featuredmedia":[{"embeddable":true,"href":"https:\/\/ccsanalejo.com\/index.php?rest_route=\/wp\/v2\/media\/3475"}],"wp:attachment":[{"href":"https:\/\/ccsanalejo.com\/index.php?rest_route=%2Fwp%2Fv2%2Fmedia&parent=3463"}],"curies":[{"name":"wp","href":"https:\/\/api.w.org\/{rel}","templated":true}]}}