{"id":2428,"date":"2023-03-14T20:45:24","date_gmt":"2023-03-14T20:45:24","guid":{"rendered":"https:\/\/ccsanalejo.com\/?page_id=2428"},"modified":"2023-03-15T13:39:44","modified_gmt":"2023-03-15T13:39:44","slug":"tarjeta-de-credito-oro","status":"publish","type":"page","link":"https:\/\/ccsanalejo.com\/?page_id=2428","title":{"rendered":"Tarjeta de Cr\u00e9dito Oro"},"content":{"rendered":"\t\t<div data-elementor-type=\"wp-page\" data-elementor-id=\"2428\" class=\"elementor elementor-2428\">\n\t\t\t\t\t\t<section class=\"elementor-section elementor-top-section elementor-element elementor-element-1c2bfa0 elementor-section-boxed elementor-section-height-default elementor-section-height-default\" data-id=\"1c2bfa0\" data-element_type=\"section\" data-e-type=\"section\">\n\t\t\t\t\t\t<div class=\"elementor-container elementor-column-gap-default\">\n\t\t\t\t\t<div class=\"elementor-column elementor-col-100 elementor-top-column elementor-element elementor-element-194184d\" data-id=\"194184d\" data-element_type=\"column\" data-e-type=\"column\">\n\t\t\t<div class=\"elementor-widget-wrap elementor-element-populated\">\n\t\t\t\t\t\t<div class=\"elementor-element elementor-element-3a62c28 elementor-widget elementor-widget-heading\" data-id=\"3a62c28\" data-element_type=\"widget\" data-e-type=\"widget\" data-widget_type=\"heading.default\">\n\t\t\t\t<div class=\"elementor-widget-container\">\n\t\t\t\t\t<h2 class=\"elementor-heading-title elementor-size-default\"><font style=\"vertical-align: inherit\"><\/font><font style=\"vertical-align: inherit\"><font style=\"vertical-align: inherit\"><font style=\"vertical-align: inherit\"><font style=\"vertical-align: inherit\"><font style=\"vertical-align: inherit\"><font style=\"vertical-align: inherit\"><font style=\"vertical-align: inherit\"><font style=\"vertical-align: inherit\"><font style=\"vertical-align: inherit\"><font style=\"vertical-align: inherit\"><font style=\"vertical-align: inherit\"><font style=\"vertical-align: inherit\">Tarjeta<\/font><\/font><\/font><\/font><\/font><\/font><\/font><\/font><\/font><\/font><\/font><\/font><font style=\"vertical-align: inherit\"><font style=\"vertical-align: inherit\"><font style=\"vertical-align: inherit\"><font style=\"vertical-align: inherit\"><font style=\"vertical-align: inherit\"><font style=\"vertical-align: inherit\"><font style=\"vertical-align: inherit\"><font style=\"vertical-align: inherit\"> de Cr\u00e9dito Oro<\/font><\/font><\/font><\/font><\/font><\/font><\/font><\/font><font style=\"vertical-align: inherit\"><font style=\"vertical-align: inherit\"><\/font><\/font><\/h2>\t\t\t\t<\/div>\n\t\t\t\t<\/div>\n\t\t\t\t\t<\/div>\n\t\t<\/div>\n\t\t\t\t\t<\/div>\n\t\t<\/section>\n\t\t\t\t<section class=\"elementor-section elementor-top-section elementor-element elementor-element-581bf82 elementor-section-boxed elementor-section-height-default elementor-section-height-default\" data-id=\"581bf82\" data-element_type=\"section\" data-e-type=\"section\">\n\t\t\t\t\t\t<div class=\"elementor-container elementor-column-gap-default\">\n\t\t\t\t\t<div class=\"elementor-column elementor-col-50 elementor-top-column elementor-element elementor-element-22977aa\" data-id=\"22977aa\" data-element_type=\"column\" data-e-type=\"column\">\n\t\t\t<div class=\"elementor-widget-wrap elementor-element-populated\">\n\t\t\t\t\t\t<div class=\"elementor-element elementor-element-4cc092a elementor-widget elementor-widget-image\" data-id=\"4cc092a\" data-element_type=\"widget\" data-e-type=\"widget\" data-widget_type=\"image.default\">\n\t\t\t\t<div class=\"elementor-widget-container\">\n\t\t\t\t\t\t\t\t\t\t\t\t\t\t\t<img fetchpriority=\"high\" decoding=\"async\" width=\"450\" height=\"400\" src=\"https:\/\/ccsanalejo.com\/wp-content\/uploads\/2022\/02\/Tarjeta-Oro.jpg\" class=\"attachment-large size-large wp-image-2398\" alt=\"\" srcset=\"https:\/\/ccsanalejo.com\/wp-content\/uploads\/2022\/02\/Tarjeta-Oro.jpg 450w, https:\/\/ccsanalejo.com\/wp-content\/uploads\/2022\/02\/Tarjeta-Oro-300x267.jpg 300w, https:\/\/ccsanalejo.com\/wp-content\/uploads\/2022\/02\/Tarjeta-Oro-230x204.jpg 230w, https:\/\/ccsanalejo.com\/wp-content\/uploads\/2022\/02\/Tarjeta-Oro-350x311.jpg 350w\" sizes=\"(max-width: 450px) 100vw, 450px\" \/>\t\t\t\t\t\t\t\t\t\t\t\t\t\t\t<\/div>\n\t\t\t\t<\/div>\n\t\t\t\t\t<\/div>\n\t\t<\/div>\n\t\t\t\t<div class=\"elementor-column elementor-col-50 elementor-top-column elementor-element elementor-element-568e265\" data-id=\"568e265\" data-element_type=\"column\" data-e-type=\"column\">\n\t\t\t<div class=\"elementor-widget-wrap elementor-element-populated\">\n\t\t\t\t\t\t<div class=\"elementor-element elementor-element-966b736 elementor-widget elementor-widget-text-editor\" data-id=\"966b736\" data-element_type=\"widget\" data-e-type=\"widget\" data-widget_type=\"text-editor.default\">\n\t\t\t\t<div class=\"elementor-widget-container\">\n\t\t\t\t\t\t\t\t\t<p><span style=\"vertical-align: inherit;\"><span style=\"vertical-align: inherit;\">TARJETA DE CR\u00c9DITO ORO<\/span><\/span><\/p><ul><li><span style=\"vertical-align: inherit;\"><span style=\"vertical-align: inherit;\">Acumula Fedepuntos por cada compra que realices y canj\u00e9alos por dinero en efectivo o LifeMiles de Avianca*<\/span><\/span><\/li><li><span style=\"vertical-align: inherit;\"><span style=\"vertical-align: inherit;\">Membres\u00eda gratis para las tarjetas de cr\u00e9dito con l\u00edmites hasta $2,000.00<\/span><\/span><\/li><li><span style=\"vertical-align: inherit;\"><span style=\"vertical-align: inherit;\">Tecnolog\u00eda Contactless para hacer m\u00e1s seguras tus transacciones<\/span><\/span><\/li><li><span style=\"vertical-align: inherit;\"><span style=\"vertical-align: inherit;\">Servicio gratuito de notificaciones de alertas por compra o retiros, por medio de mensajes de texto a tu celular<\/span><\/span><\/li><li><span style=\"vertical-align: inherit;\"><span style=\"vertical-align: inherit;\">Descuentos y promociones en comercios afiliados al programa de lealtad<\/span><\/span><\/li><li><span style=\"vertical-align: inherit;\"><span style=\"vertical-align: inherit;\">Aceptada en todos los comercios y cajeros a nivel nacional e internacional afiliados a la marca VISA.<\/span><\/span><\/li><li><span style=\"vertical-align: inherit;\"><span style=\"vertical-align: inherit;\">Retiro de efectivo en Cajeros Autom\u00e1ticos FEDE RED 365 y otras redes a nivel local e internacional, FEDE PUNTO VECINO y dem\u00e1s puntos de atenci\u00f3n de las Cajas de Cr\u00e9dito y los Bancos de los Trabajadores del SISTEMA FEDECR\u00c9DITO.<\/span><\/span><\/li><\/ul><p><span style=\"vertical-align: inherit;\"><span style=\"vertical-align: inherit;\">Beneficios VISA:<\/span><\/span><\/p><p><span style=\"vertical-align: inherit;\"><span style=\"vertical-align: inherit;\">(Solicite cuando el tarjetahabiente se encuentre en el extranjero)<\/span><\/span><\/p><ul><li><span style=\"vertical-align: inherit;\"><span style=\"vertical-align: inherit;\">Centro de Atenci\u00f3n al Cliente Visa Digital y Tel\u00e9fono<\/span><\/span><\/li><\/ul><p><span style=\"vertical-align: inherit;\"><span style=\"vertical-align: inherit;\">Este servicio te permite hacer llamadas cuando te encuentras en el extranjero sin cobrar alguno, para hacer cualquier gesti\u00f3n o solicitar cualquier asistencia, tales como: robo de tarjeta, p\u00e9rdida de la tarjeta, dinero de emergencia, entre otros.<\/span><\/span><\/p><ul><li><span style=\"vertical-align: inherit;\"><span style=\"vertical-align: inherit;\">Acceso al Portal de Beneficios Visa<\/span><\/span><\/li><\/ul><p>Este servicio es parte esencial de pertenecer a la marca VISA; en este portal podr\u00e1s autogestionar todos tus requerimientos, como: emitir certificados de viaje, afiliarse a servicios de Streaming, afiliarse a revistas digitales, afiliarse a casilleros para compras como SKYBOX, gestionar reclamos de seguro de veh\u00edculos arrendados en el extranjero, entre otros servicios<\/p><ul><li>Desembolso de Efectivo de Emergencia. Sujeto a disponibilidad de la tarjeta<\/li><\/ul><p>Este servicio te ayudar\u00e1 a obtener efectivo en caso de que tu tarjeta se pierda o la roben y te encuentres con una emergencia estando fuera del pa\u00eds. No aplica en Cuba, Siria, Sud\u00e1n, Ir\u00e1n, Corea del Norte, Crimea y otros pa\u00edses listados en OFAC.)<\/p><ul><li>Servicio de Reemplazo temporal de Tarjeta<\/li><\/ul><p>Este servicio, a trav\u00e9s del Centro de Atenci\u00f3n al Cliente Visa, coordina el env\u00edo de una tarjeta temporal, que ha sido extraviada, perdida o robada, cuando te encuentres fuera del pa\u00eds, en un plazo de 24 horas en EE.UU y Canad\u00e1 y de un d\u00eda h\u00e1bil desde otros pa\u00edses.<\/p><ul><li>Protecci\u00f3n de Precios<\/li><\/ul><p>Cuando pagues en su totalidad un art\u00edculo con su Visa elegible, recibir\u00e1s de forma gratuita y sin tener que registrarlo, protecci\u00f3n cuando encuentre el mismo art\u00edculo (misma marca, modelo y a\u00f1o modelo) por un precio m\u00e1s bajo dentro de los treinta d\u00edas de la fecha de compra. Esta no es cubierta por el Programa de Protecci\u00f3n contra Robo, Hurto, Fraude y Extrav\u00edo<\/p><ul><li>Protecci\u00f3n de compra<\/li><\/ul><p>Cuando pagues en su totalidad un art\u00edculo con tu Visa elegible, recibir\u00e1 de forma gratuita y sin tener que registrarlo, protecci\u00f3n contra robo o da\u00f1os accidentales, dentro de los 180 d\u00edas posteriores a la fecha de compra. Este servicio no es cubierto por el Programa de Protecci\u00f3n contra Robo, Hurto, Fraude y Extrav\u00edo<\/p><ul><li>Garant\u00eda Extendida<\/li><\/ul><p>El art\u00edculo cubierto debe tener una garant\u00eda del fabricante \/ minorista de un m\u00ednimo de tres meses y hasta tres a\u00f1os. La cobertura est\u00e1 sujeta a los t\u00e9rminos y condiciones aplicables. Debes reportar y abrir una reclamaci\u00f3n tan pronto como sea posible despu\u00e9s del incidente. La cobertura es provista por AIG y \/ o la reaseguradora correspondiente, si aplica. Esta protecci\u00f3n no aplica para productos comprados en Cuba, Siria, Sud\u00e1n, Ir\u00e1n, Corea del Norte, Crimea y otros pa\u00edses listados en OFAC.<\/p><ul><li>Seguro de Alquiler de Veh\u00edculo<\/li><\/ul><p>La cobertura se aplica en cualquier pa\u00eds del mundo, incluido tu propio pa\u00eds, sujeto a algunas restricciones y si lo permite la normativa local. Los cargos por remolque y cualquier cargo por p\u00e9rdida de uso asi como cargos administrativos pueden estar cubiertos siempre que dichos cargos resulten directamente de una p\u00e9rdida cubierta. La reserva de alquiler y el pago total deben realizarse con la Visa elegible. Este seguro cubre el veh\u00edculo de alquiler cuando t\u00fa, el titular de la tarjeta o cualquier otro conductor autorizado y registrado en el contrato de alquiler de autom\u00f3vil est\u00e1 conduciendo o cuidando del veh\u00edculo alquilado. La cobertura est\u00e1 sujeta a los t\u00e9rminos y condiciones aplicables. Debes reportar y abrir una reclamaci\u00f3n tan pronto como sea posible despu\u00e9s del incidente. La cobertura es provista por AIG y \/ o el Reasegurador correspondiente, si aplica.<\/p><ul><li><span style=\"vertical-align: inherit;\"><span style=\"vertical-align: inherit;\">Beneficio de suscripciones por VISA<\/span><\/span><\/li><\/ul><p><span style=\"vertical-align: inherit;\"><span style=\"vertical-align: inherit;\">Ver las disponibilidades y condiciones en el Portal de Beneficios de VISA<\/span><\/span><\/p><p><span style=\"vertical-align: inherit;\"><span style=\"vertical-align: inherit;\">Para m\u00e1s informaci\u00f3n sobre los beneficios VISA puede consultar el siguiente enlace:\u00a0 <\/span><\/span><a href=\"https:\/\/visabenefitslac.axa-assistance.us\/benefits\/P_C_SV\"><span style=\"vertical-align: inherit;\"><span style=\"vertical-align: inherit;\">https:\/\/visabenefitslac.axa-assistance.us\/benefits\/P_C_SV<\/span><\/span><\/a><\/p>\t\t\t\t\t\t\t\t<\/div>\n\t\t\t\t<\/div>\n\t\t\t\t\t<\/div>\n\t\t<\/div>\n\t\t\t\t\t<\/div>\n\t\t<\/section>\n\t\t\t\t<\/div>\n\t\t","protected":false},"excerpt":{"rendered":"<p>Tarjeta de Cr\u00e9dito Oro TARJETA DE CR\u00c9DITO ORO Acumula Fedepuntos por cada compra que realices y canj\u00e9alos por dinero en efectivo o LifeMiles de Avianca* Membres\u00eda [&hellip;]<\/p>\n","protected":false},"author":2,"featured_media":0,"parent":0,"menu_order":0,"comment_status":"closed","ping_status":"closed","template":"","meta":{"footnotes":""},"class_list":["post-2428","page","type-page","status-publish","hentry"],"_links":{"self":[{"href":"https:\/\/ccsanalejo.com\/index.php?rest_route=\/wp\/v2\/pages\/2428","targetHints":{"allow":["GET"]}}],"collection":[{"href":"https:\/\/ccsanalejo.com\/index.php?rest_route=\/wp\/v2\/pages"}],"about":[{"href":"https:\/\/ccsanalejo.com\/index.php?rest_route=\/wp\/v2\/types\/page"}],"author":[{"embeddable":true,"href":"https:\/\/ccsanalejo.com\/index.php?rest_route=\/wp\/v2\/users\/2"}],"replies":[{"embeddable":true,"href":"https:\/\/ccsanalejo.com\/index.php?rest_route=%2Fwp%2Fv2%2Fcomments&post=2428"}],"version-history":[{"count":18,"href":"https:\/\/ccsanalejo.com\/index.php?rest_route=\/wp\/v2\/pages\/2428\/revisions"}],"predecessor-version":[{"id":2478,"href":"https:\/\/ccsanalejo.com\/index.php?rest_route=\/wp\/v2\/pages\/2428\/revisions\/2478"}],"wp:attachment":[{"href":"https:\/\/ccsanalejo.com\/index.php?rest_route=%2Fwp%2Fv2%2Fmedia&parent=2428"}],"curies":[{"name":"wp","href":"https:\/\/api.w.org\/{rel}","templated":true}]}}